(-59 - -23) + 43 - (0 - -23)) + -79?
-95
What is the value of -41 + -10 + (-9 - ((10 - 12) + -29))?
-29
What is the value of (1 - 7) + -2219 + 2227?
2
What is 28 - (1 + -23 + (91 - -48))?
-89
Calculate 85 + -115 - (22 - (5 + 1)).
-46
-27 + (22 - 56) - -45
-16
(1 - (-1 - 0)) + -48
-46
Calculate -4 + -1 - (-117 + 57) - -6.
61
What is -33 + (32 - 9) + (-6 - (-12 - 53))?
49
Evaluate (50 - 34) + -32 - 10.
-26
What is 3 + 5 - (-947 + 915)?
40
What is (-1 - 100) + (-100 - (283 - 367))?
-117
-138 + 147 - (3 - (-6 - -16))
16
Calculate 26 + (4 - ((20 - 28) + 16)).
22
50 - ((-5 - -20) + 11 + -29)
53
1 + (-1 + 47 - 52)
-5
Calculate (-3 - -5) + 4 + (254 - 114) + -51.
95
What is 39 - (44 - (-60 - -54))?
-11
What is the value of (-21 - 2 - 9) + -45 + 22?
-55
Calculate 15 - (1 - -3) - (-49 - -19 - -11) - 5.
25
What is the value of 27 - (19 - (-60 - -40))?
-12
-4 - (1 + -2 - (-39 + 92 - 42))
8
What is the value of 4 + 14 + -10 - (1 - 48 - (10 - 14))?
51
What is the value of -42 - (-121 + 143 + -11 + 4 + -4)?
-53
What is 103 - (91 + (-57 - -6))?
63
Calculate -44 - -32 - 68 - (0 + -30).
-50
32 + 6 + (45 - 44) + (-7 - -10)
42
Evaluate (-3142 - -3140) + (0 - 0 - (-98 - 3)).
99
What is the value of 41 + (53 - 131) - -46?
9
What is the value of -12 - (-3 - 32) - 15 - (-1 - -17)?
-8
Evaluate (14 + (-6 - 14) - 36) + 22.
-20
What is 34 + -44 + 23 + -62?
-49
What is the value of 39 - (-33 - (-79 - -20)) - (2 + -6)?
17
What is -1 - (-18 + -6 + 0) - (1 - (-25 + 26))?
23
Calculate (43 - -14) + -39 - 75.
-57
Calculate (2 - -46 - (832 + -793)) + 33 + 0.
42
Calculate -13 + -12 + 57 - ((-7 - -13) + -3).
29
What is the value of 60 - (8 - (-100 + 96))?
48
What is the value of 28 + (37 - 1 - (24 - -9 - 12))?
43
58 + (-77 - 6 - -30)
5
What is 13 + -95 + 45 + 18?
-19
Evaluate 14 - (2 - -13 - -16 - (7 - -2)).
-8
42 - -3 - (8 - (-17 - -35 - -7))
62
Calculate (0 - -4 - (40 - 31) - 4) + -438 + 529.
82
(-3 - (11 + (-2 - 1))) + (-978 - -936)
-53
Calculate (-172 - -175 - (3 - -11)) + 11.
0
What is the value of 37 - (-32 + (171 - (40 + -13)))?
-75
What is the value of (2 - (-55 + 93)) + 27?
-9
Calculate -3 + (35 - 65) + -120 - -38.
-115
25 - (113 - 22) - (3 - (3 + 5))
-61
What is 38 - (34 - (-13 - -15)) - (-1 - (39 + 2))?
48
Evaluate -15 - 0 - (-29 - -62) - (-3 + 1 + -4).
-42
Evaluate -28 + 29 - (0 + 2 + 15) - (-184 + 174).
-6
What is -2 + (6 - 0) + (0 - 12) + 25 - 7?
10
What is the value of -56 - (-65 - (-20 - -90))?
79
What is the value of 3 + -1 + (23 - (-43 + 59))?
9
What is -19 + (26 - -19 - -2) - 14?
14
Calculate 27 + 0 + (-1 - (17 - 22 - -8)).
23
Evaluate -51 + (44 - 2) - (-1 - (-4 - 1)).
-13
Evaluate 61 + 72 + -179 + 21.
-25
-90 - ((38 - 87) + -2)
-39
Calculate -6 + -28 + (32 - 3 - 18).
-23
What is (0 + -4 + 5 - 2) + 10 + (-160 - -21)?
-130
What is 9 + (-51 - -22) - -34?
14
-20 + 8 + 27 - (20 + 1)
-6
Calculate 38 - (-37 - (-70 - -22)).
27
What is -24 - (18 + -12 + 11) - (-2 + (5 - -4))?
-48
Calculate -1 + 3 + 86 + -20 + (9 - 22).
55
Calculate 32 + (17 - 9 - 26 - (-10 + 0)).
24
(0 - -4) + 68 + -61 + (-1 - 0 - -18)
28
What is -58 - -3 - (21 + -14 + -2 + 1)?
-61
What is -19 + 22 + (-12 + 10 - (0 - -6)) + 28?
23
What is the value of -98 + (95 - -9) + -103?
-97
What is the value of (-264 - -275) + -13 + 9 + 4 + 1 + 21?
33
What is the value of 86 - 157 - (2 + 17 + 3) - -13?
-80
What is the value of 28 - 30 - (-11 - 19 - -12)?
16
What is the value of (-45 - 42) + 48 - 21?
-60
Calculate 2 - (-3 + 4) - (139 - -2 - (59 + -41)).
-122
What is the value of (-5 - 86) + -21 + 19 - (-8 - -12)?
-97
What is 197 - 211 - (24 + -4 + -4)?
-30
Calculate (-550 + 512 - (-1 - -5)) + -23.
-65
-30 + (29 - (13 - (-48 - -24)))
-38
Calculate -5 - (-44 - -45) - (10 - 2).
-14
What is (14 - 15 - (0 + -13)) + (-170 - -157)?
-1
Calculate 59 + -22 + 69 + -44.
62
(-132 - -4) + -1287 + 1323
-92
-3 - (-68 - (9 - 14) - -4) - (-37 + 27)
66
Calculate 78 + (70 - (-85 + 244)).
-11
-221 + 139 - (-128 - -3)
43
(-49 - (38 + -10)) + -39
-116
Evaluate (19 - -4 - (-223 + 251)) + 2.
-3
Calculate 68 + 0 - (-1532 - -1631).
-31
What is (-586 - -618) + (-77 - 1)?
-46
What is -13 + 12 - (5 - -6) - (69 + (-5 - 2))?
-74
Calculate (-162 - -163) + 0 + 0 + 1.
2
-131 - (-88 + 101 + -86)
-58
What is -52 - -46 - -53 - 9?
38
Calculate -20 - (24 + -4 - 46).
6
Calculate -18 + (-10 - 5 - (-13 - (8 + 7 + -17))).
-22
What is -4 + -76 + -5 + 30 + (-17 - -2)?
-70
Calculate -57 - (-39 + 20) - 30.
-68
-144 - -157 - (49 + 4 + -6)
-34
-92 - (-81 - 53 - -68)
-26
-101 + (53 - 19) + -37 + 8
-96
Evaluate -626 + 650 - (-22 - (2 - 3)).
45
Evaluate -30 + 47 + -100 + 14 + -39.
-108
Evaluate 87 + -91 + -47 + 101.
50
Evaluate 568 - 571 - ((-4 - -8) + -92 - 2).
87
What is (4230 - 4236) + (-1 - (117 - -4))?
-128
What is 10 + (77 - 15) + (27 - 27 - (-2 - 8))?
82
Calculate (43 + 2 - (297 - 315) - 16) + -2.
45
Evaluate -35 + 6 - (-2650 - -2739).
-118
Calculate (4 - (18 - 38) - 22) + -37.
-35
Evaluate (5 - (-24 + 40 + 2) - (-23 + 2)) + -84.
-76
Calculate 12 + -65 + 8 + (-111 - -109).
-47
14 + (17 - -1) + 12 + -14
30
What is 100 - ((134 - 131) + (-1 + -6 - -4))?
100
-74 - (-85 + -6) - (-10 - 1)
28
Calculate 16 + (-11 - -7 - 33 - 0).
-21
Calculate 9 + (12 - 22) + 14 + (-3 - -7).
17
Calculate -66 + 33 + 3 + -15 - 30.
-75
Calculate (0 - 19) + -36 + 65 + -9.
1
What is -2 + 28 - ((4 + -8 - 5) + -12 + 22)?
25
What is the value of -61 - (9 + 19 + -79)?
-10
-9 - 18 - -37 - (-26 - (-3 + 8))
41
Calculate -39 + (2 - -30 - 1).
-8
Evaluate -25 + 809 + -777 + -1 + 9.
15
Evaluate -46 - (-82 + 178) - -80.
-62
Calculate 9471 + -9397 - (152 + -1).
-77
What is 26 - (73 + -56) - -60?
69
Evaluate (-10 - -9 - -5) + 9 + (7 - 0).
20
Calculate (-12 - (-4 + 1 + -1)) + 54 + -41 - 84.
-79
Calculate 40 + 42 - 40 - -26 - (0 - -15).
53
Evaluate (115 - 68) + 2 + -16.
33
Evaluate 59 + -5 + -1 + -4 + 14 + (9 - 7).
65
What is 57 - 1 - (-38 - -7 - (138 - 177))?
48
Evaluate 49 + -73 + (18 - 55).
-61
What is the value of (63 - 38 - 25) + (-3 - (0 + 4 - 12))?
5
What is the value of (57 + (-10 - -16) - 49) + 0 + 62?
76
Calculate 10 + 5 + (9 - 0) + 18.
42
What is -10 - 5 - (16 + (-89 - -60))?
-2
What is -3 + -54 + -18 + (19 - (15 - 11)) - 0?
-60
0 + -17 + 2 + -3 + 34
16
Evaluate 25 + 5 + -18 - -13 - (3 + 3) - -5.
24
Evaluate 1 + -64 + 70 - 34.
-27
What is (-18 - (4 + -2)) + (28 - (-31 - -51))?
-12
What is -1 + (117 - 2) + 192 + (-479 - -280)?
107
What is the value of (-12 - ((-3 - -7) + -8)) + (1 - -2)?
-5
Calculate 56 - 1 - (1793 - 1750).
12
Evaluate (-2 + 4 - 7) + -10 + 4 + -6.
-17
What is -29 + 50 + -44 + 115?
92
Evaluate 5 + (-9 - (-6 - -11) - -50) + 11.
52
Evaluate 0 + -5 - (-114 - (-38 + 49) - (-11 - 15)).
94
Calculate (20 - (-1 + -5)) + 311 + -299.
38
What is -38 + -19 + 106 + -73?
-24
0 - -42 - (-112 + (-59 - -193))
20
Evaluate -12 + 5 - (-37 + 64 + -78).
44
(-2 + 56 - -8) + 38 + -62
38
What is -6 + -1 + (3 + 12 - 15) + -21?
-28
What is (-383 - -376) + (0 - -12) + -2 - -7?
10
Evaluate 2 + -4 + -35 + 9 + 12.
-16
What is the value of -19 + 28 - ((12 - 69 - -13) + 5)?
48
What is (5 - (-9 - (-12 - (-14 + 1)))) + 57?
72
What is 48 + ((12 + 1 - 0) + (-28 - 0) - -2)?
35
Evaluate 13 + -42 + -5 + (-5 - (11 + -9)).
-41
What is -100 - -1 - ((18 + 7 - 24 - -15) + -11)?
-104
7 - 128 - -4 - ((-5 - -13) + -10 - -6)
-121
What is 12 - 1 - (1 + 17 - (74 + -105))?
-38
Calculate 4 + 1 + -52 + (-17 - 39) + 118.
15
Evaluate -12 + -37 + 0 + (-7 + -16 - (26 + -40)).
-58
9 - ((6 - (24 + -37)) + -36)
26
-179 + (-191 - -86) + 209
-75
What is the value of -64 + 99 + -50 - (-7 + 0) - 6 - -128?
114
What is 48 - ((-16 + 38 - 10) + -9)?
45
What is -78 + -9 - 9 - (-360 + 326)?
-62
What is the value of 6 - (17 + 2) - (-20 + 12 - -17)?
-22
What is (-9 - (-4 - -2)) + -1 - -6 - (-2 - 63)?
63
Evaluate 14 - 10 - (7 + 0 + 1) - 32.
-36
(-116 - -20) + 266 + -198
-28
0 + -82 + -1 - (41 - (-66 - -120))
-70
Evaluate (-82 - -273 - 209) + -83 + 0 + 2.
-99
What is the value of -11 + (13 - (14 - (-9 - 4))) - 16?
-41
What is 191 - (67 - -83) - (-2 + 2 + 2 - 2)?
41
What is the value of -22 - ((20 - (3 - 1)) + 223 + -232)?
-31
-199 - (-156 + 0) - (0 + (0 - -17))
-60
What is -69 + -17 + 73 - (-2 - 9)?
-2
76 + -94 + (62 - 11)
33
Evaluate (-37 - (13 + -60)) + (-3 - -24).
31
Evaluate -15 + -82 + 18 + (-28 - -9) + 17.
-81
What is the value of 6 + (-7 - -9 -